 4*i. Calculate the highest common factor of i and 20.
10
Suppose 8*r - 5*r - 951 = -3*w, r - 957 = -3*w. What is the greatest common divisor of w and 10?
10
Let u(t) = -68*t - 8. Let d be u(-1). Calculate the greatest common factor of 90 and d.
30
Suppose 0 = -o + 2*g + 1556, 5*o + g - 1568 = 4*o. Calculate the highest common factor of 92 and o.
92
Let p = 31 - 11. Let s be (-148)/(-16) - (-2)/(-8). Let j = s + p. What is the greatest common divisor of 29 and j?
29
Let c(v) = v**2 - 22*v + 75. Let i be c(19). What is the highest common divisor of 171 and i?
9
Let k = 27 + -14. Let q(v) = -24*v. Let y be q(k). Let t = -69 - y. Calculate the greatest common factor of 27 and t.
27
Let m be -2*(35/10 - (1 - 0)). Let z(g) = -31*g - 20. Let n be z(m). What is the highest common factor of 54 and n?
27
Suppose 3*k + 17 = 2*u, 2*u + 11 = 7*u + 3*k. Suppose -4 - 12 = -u*s. Suppose 3*p + 9 = h - s, 5*p = -3*h - 3. Calculate the greatest common divisor of 6 and h.
2
Let b be 47/(-2) + (-1)/2. Let q = 66 + -22. Let j = b + q. Calculate the highest common factor of 100 and j.
20
Let l = 2251 - 2250. What is the highest common divisor of 256 and l?
1
Let z = 256 + -87. Let y = z + -147. What is the highest common divisor of 2 and y?
2
Let k be 22/(-8) + 12/(-48). Let d(b) = 4*b**2 + 7*b + 13. Let q be d(k). Calculate the highest common divisor of q and 42.
14
Let o be -32 - -1*(-8)/(-4). Let m be 645/(-2)*24/o. Suppose -4*r + m = -2*s, 9*r + s - 312 = 4*r. Calculate the greatest common factor of 7 and r.
7
Suppose 680 = 1186*t - 1176*t. What is the greatest common factor of t and 1275?
17
Let j(t) = -t**3 - 3*t**2 + 3*t - 4. Suppose 24 = 11*d + 79. Let q be j(d). Calculate the highest common divisor of 155 and q.
31
Let b = 3 + 0. Suppose l = -c + 30, -b*l - 3*c + 140 = 2*l. Let f = 924 - 919. Calculate the highest common factor of l and f.
5
Let o(m) = m. Let x be o(3). Let t(h) = 2*h + 4. Let s be t(x). Let f be 902/5 + (-4)/s. What is the greatest common factor of f and 20?
20
Let j(w) = 4*w**2 - 24*w - 3*w**2 - 26 + 48 + 11. Let u be j(23). Calculate the greatest common factor of 40 and u.
10
Let t be ((-42)/63)/((-2)/774). What is the highest common divisor of 172 and t?
86
Let p(v) = 3*v - 12. Let g be p(7). Let l = g + 8. Calculate the greatest common divisor of 187 and l.
17
Let m = -785 + 809. Suppose 2*z + 2*a = -30, 0 = -0*z + 3*z + 5*a + 47. Let i = m + z. What is the greatest common divisor of 15 and i?
5
Suppose -810 = -45*s + 36*s. Calculate the greatest common factor of 198 and s.
18
Let u(a) = 168*a + 173*a + 8 - a**2 - 327*a. Let x be u(4). What is the greatest common factor of 12 and x?
12
Let q = 622 - 506. What is the highest common factor of q and 12?
4
Let v(s) = s**3 + 13*s - 34. Let y be v(10). What is the highest common divisor of y and 8?
8
Let k = 23 + -20. Let t = 16 + 5. What is the greatest common divisor of k and t?
3
Suppose 3*p = 8*p - 60. Let j be -4 + -3 + (-30)/(-2). Let k = 52 + j. Calculate the highest common factor of p and k.
12
Suppose 2*f - 8 = 0, -2*m = -0*f - 5*f - 84. Suppose 4*j + j = -d + 56, -5*j = -3*d - m. Let l = 2803 + -2802. Calculate the greatest common divisor of l and j.
1
Let v be 2 + -3 + 3 - -1. Let s be v - (-2 + 0) - -3. Let o be (-16)/(-104) - (-934)/13. What is the highest common factor of o and s?
8
Suppose -5*x = 3*q - 45, -17*x + 15 = -12*x - 3*q. Let b = -12 + 14. Calculate the greatest common divisor of b and x.
2
Let s(g) = 49 + 43 + 2*g**2 + 9*g - 77. Let i be s(-6). Calculate the greatest common divisor of i and 11.
11
Suppose 0 = 3*l + 2*o - 10, -6 = 3*l - 7*l + o. Suppose l*h - 11 = 25. What is the greatest common divisor of 144 and h?
18
Let y = 31 - 22. Let v be (6/y)/((-4)/138). Let i = 26 + v. What is the highest common divisor of i and 15?
3
Let l(v) = 37*v**2 + 3*v + 2. Let p be l(3). Suppose -536 = -5*b + p. Let s be 2 + (-2 + 14 - -2). Calculate the greatest common factor of s and b.
16
Suppose j - g - 48 = 78, 4*j + 2*g = 516. Calculate the highest common factor of 32 and j.
32
Let w(k) = k + 34. Let p be w(5). Let y = 62 - 36. What is the highest common divisor of y and p?
13
Suppose 0 = 138*a - 146*a + 256. Calculate the greatest common divisor of 864 and a.
32
Let a be (-4 + 43 - 1) + -1 + 1. Calculate the greatest common divisor of a and 57.
19
Let l(j) = 11 + 12*j + 17*j - 31*j + 5. Let w(t) = -3*t + 17. Let k(n) = -6*l(n) + 5*w(n). Let y be k(-6). Calculate the greatest common factor of 77 and y.
7
Let u = 263 + -241. What is the highest common factor of u and 44?
22
Suppose -3*v - k = 53, -4*v = 4*k + 72 + 4. Let j = v + 11. Let x be (-26)/(-6) + 2/j. What is the greatest common factor of x and 16?
4
Let l = 22 + 4. Let h(y) = -y**3 - 13*y**2 - 12*y - 13. Let c be h(-12). Let n be c/(-2 + 27/15). What is the greatest common factor of l and n?
13
Let t(b) = 71*b - 114. Let h be t(2). Calculate the greatest common factor of 980 and h.
28
Suppose 3*i - 2*i + f - 9 = 0, 0 = 5*i - 3*f - 69. Suppose 5*t - 365 = 295. Calculate the highest common factor of t and i.
12
Let y = -38 - -42. Suppose y*b - 112 = -4*w, -2*w - 3*w = 2*b - 146. What is the greatest common factor of w and 45?
15
Let y(i) = i**2 + 18. Let z be y(0). Suppose 63*k - 1008 = -3*k - 46*k. Calculate the highest common factor of k and z.
9
Let s be ((-1)/(-1))/(1/(-15)). Let g = 0 - s. Let j(o) = 135*o**2 - 13*o - 13. Let b be j(-1). What is the highest common divisor of b and g?
15
Let w(f) = 2*f + 27. Let x be w(-10). Let q(h) = -h**3 + h**2 - 2. Let s be q(0). Let c be s/x + 342/21. Calculate the greatest common divisor of c and 176.
16
Let z(n) = -n**3 + 7*n**2 + 12*n - 64. Let w be z(7). What is the highest common divisor of w and 1560?
20
Let q be (210/(-25))/((-26)/715). Calculate the greatest common divisor of q and 42.
21
Suppose 408 = 2*d + 344. Calculate the highest common divisor of 12 and d.
4
Let h be 10*5/10 + 136 - 6. Calculate the greatest common divisor of h and 150.
15
Let f be -2*32/24*66/(-4). What is the highest common divisor of f and 616?
44
Let k = -1313 + 1377. Let q(y) = -y**3 - 3*y**2 + 8*y + 6. Let u be q(-5). Calculate the highest common divisor of u and k.
16
Suppose 0 = -41*m + 42*m - 2. What is the greatest common factor of m and 2?
2
Let w(n) = -n**3 - 7*n**2 - 6*n - 3. Let b be w(-4). Let c = b + 62. Calculate the greatest common factor of 5 and c.
5
Let j = -209 - -336. Suppose 6*o - 361 = -j. Let q = 38 - 12. What is the greatest common factor of q and o?
13
Let b be (-3)/6*2 - -61. Let g be b/18*129/2. Suppose -2*f = 45 - g. Calculate the greatest common divisor of 34 and f.
17
Let u(i) be the third derivative of -i**4/12 + 35*i**3/6 + 23*i**2. Let z be u(0). What is the highest common factor of z and 14?
7
Let n(l) = -62*l + 14. Let p be n(17). Let x be p/(-24) + -2 + (-8)/(-3). What is the greatest common factor of 4 and x?
4
Suppose 270 = 13*j - 276. What is the greatest common divisor of 441 and j?
21
Let x(w) = 2*w**2 - 9*w + 6. Let c = 148 - 139. Let s be x(c). Calculate the greatest common divisor of s and 29.
29
Suppose -5*i = 3*m, 5*m - 12 = 4*i + 25. Suppose -5*f + 525 = m*p, 0 = -4*f - 0*f + 5*p + 420. What is the highest common factor of f and 15?
15
Suppose -h = -3 - 1, 0 = 4*m + 2*h - 216. Calculate the highest common factor of 52 and m.
52
Let g be ((-472)/(-12))/(8/60). Suppose y + 5*r - 50 = 0, -2*y - r = 2*y - g. Let x be 122/4 + 5/(-10). What is the highest common divisor of x and y?
15
Let x = 204 + -104. Let w be (-497)/7*(-1)/1. Suppose -w = -3*s - 11. What is the highest common divisor of x and s?
20
Let t be 7/(7/(-22))*20/(-5). Suppose 2*h = 3*m - 19 + 7, 3*m + 2*h = 0. Let q be (m + 2)/2 + t. Calculate the highest common factor of q and 18.
18
Let i(z) = -z + 11. Let h be i(0). Let a(j) = -23*j - 33. Let w be a(-4). Let t = 180 - w. Calculate the greatest common divisor of h and t.
11
Let l = 38 - 27. Let b(o) = -o + 13 + 0*o + 0*o + 3*o. Let u be b(l). What is the greatest common factor of 7 and u?
7
Let y be 4/(-3) - 2/(-6). Let w be (2 + y)*(145 + -5). Suppose -5*v + 2*v + 88 = -2*u, 5*v - 2*u = w. Calculate the greatest common divisor of 13 and v.
13
Let r(b) = -116*b - 35. Let i be r(-12). Calculate the greatest common factor of 23 and i.